 o + 17. Let t be w(-22). Let z be -5 + (7 + 3)/t. What is j(z)?
36
Let x(k) be the second derivative of k**4/12 + 3*k**3/2 - 19*k**2/2 - 7*k. Let o be x(-11). Let u(a) = -4 + 6*a - 6*a + 2*a. Calculate u(o).
2
Let t(y) = y**2 - 7*y - 2. Let f(s) = -7*s + 70. Suppose -4*q - 5*c = -2*c - 21, 3*q - 3*c = 42. Let p be f(q). Let d be t(p). Let x(k) = -3*k. Calculate x(d).
6
Let h be (3 - 1)/((1/(-4))/(1/(-2))). Let b(l) = l**2 + l - 3. Calculate b(h).
17
Let w(s) = -1 + 4*s + s - 4*s. Let z = -217 + 217. Let r be z*(7 - (-65)/(-10)). Calculate w(r).
-1
Let q(s) = 13*s**3 + 83*s**2 + 146*s + 37. Let p(n) = 5*n**3 + 28*n**2 + 48*n + 14. Let j(u) = 8*p(u) - 3*q(u). Calculate j(27).
1
Let n(s) be the third derivative of -s**7/1680 - s**6/360 - s**5/30 + s**2. Let j(l) be the third derivative of n(l). Suppose 96*a + 209 = -175. Give j(a).
10
Suppose -6 = u - j, 5*u + 92 = -4*j + 80. Let s(w) = -5*w**2 - 21*w + 1. Calculate s(u).
5
Let g(o) be the third derivative of -o**4/6 - 4*o**3/3 + 2*o**2 + 6*o. Let r be (-3 + (-48)/(-18))*12. Give g(r).
8
Let s(j) = -38*j - 63. Let u(l) = -19*l - 30. Let v(z) = 2*s(z) - 5*u(z). Give v(-2).
-14
Let y(n) = -22*n**2 - 17*n - 8. Let t(s) = -46*s**2 - 36*s - 16. Let a(x) = 9*t(x) - 19*y(x). Determine a(2).
22
Let i(v) = -v**3 + 15*v**2 - 17*v + 31. Let k be (348/1566)/((-1)/(-63)). Give i(k).
-11
Let u be 0 + 1 - 4/((-108)/(-27)). Let j(q) = -q**3 + q**2 - q - 14. Give j(u).
-14
Let v(m) = -2*m**2 + 3*m + 12. Suppose -11 = -h - 6. Let r be v(h). Let d = r + 28. Let u(s) = s**2 - 5*s. Give u(d).
0
Let v = -792 + 793. Let c(x) = -x + 0 + 0*x + 3. Let b be c(v). Let i(w) = -w**2 - 2*w + 3. Determine i(b).
-5
Let s(o) = -8*o + 7. Let y(b) = -9*b + 7. Let v(z) = -4*s(z) + 3*y(z). Suppose 121*n - 2*n = -11*n + 780. Determine v(n).
23
Let g = 7 - 1. Let l(b) be the third derivative of b**5/60 - b**4/4 + b**3/3 + b**2 + 103*b - 16. What is l(g)?
2
Let p(u) be the second derivative of u**3/3 - 5*u**2/2 - 22*u. Suppose 5*q = 3*q + 24. Let t(n) = -n + 16. Let g be t(q). Calculate p(g).
3
Let n(s) = 95 - 8*s + 7*s - 62 + 40 + 5*s. Calculate n(0).
73
Let g = 775 - 769. Let b(u) = 2*u - 5. Let m(l) = -l + 3. Let t(c) = 4*b(c) + 7*m(c). Calculate t(g).
7
Let c(i) = i**2 - 8*i + 8. Let a be c(8). Let t(v) = -6423 + 6418 + 9*v + 412*v**2 - 413*v**2. Determine t(a).
3
Let z(g) = -72 - g**3 + 16*g + 2*g**2 + 116 - 57 + 5*g**2 + 0*g**3. Give z(9).
-31
Let y = 246 - 236. Let i(t) be the first derivative of t**5/60 - 3*t**4/8 - 7*t**3/3 + 2*t**2 + 11. Let o(b) be the second derivative of i(b). Calculate o(y).
-4
Let o(z) be the first derivative of z**3/3 + 7*z**2/2 - 30*z - 13325. Calculate o(-9).
-12
Let u(x) = 5*x - 20. Let q be u(5). Suppose q = -4*n + 13. Let m(v) = 6*v**2 + 4*v**2 - 2 - 9 - v - 11*v**n. Give m(0).
-11
Let q(r) be the first derivative of -8*r**3/3 - r**2 + 4. Let z = 101 - 102. Let t be q(z). Let y(b) = b**3 + 5*b**2 - 6*b. Calculate y(t).
0
Let j(n) = n**2 + 6*n + 9. Suppose -5*g - 10 = 0, 4*p + 65*g = 60*g - 38. Calculate j(p).
16
Suppose -4*w = o - 20, -5*o - 86 = -4*w - 18. Let k(f) = 3*f**2 + 29*f + 32. Give k(o).
-8
Let h(f) = 5*f + 15. Let y(x) = 3*x + 10. Let n(c) = -2*h(c) + 3*y(c). What is n(11)?
-11
Suppose 4*m = -3*q, 0*m + 2*q - 7 = -5*m. Suppose m*f + 2 = 8. Let c(g) = -g**2 - 4*g + 1. Let o(l) = -3*l**2 - 8*l + 2. Let t(w) = f*o(w) - 5*c(w). Give t(3).
2
Let k(v) = 4*v**2 - 9*v - 23. Let o(p) = 5*p**2 - 13*p - 32. Let s(z) = -7*k(z) + 5*o(z). Determine s(1).
-4
Let k(t) be the second derivative of t**5/60 - t**4/2 + 5*t**3/2 - 40*t**2 + 2*t - 44. Let x(g) be the first derivative of k(g). Calculate x(10).
-5
Let c(f) = -f + 14. Let b(a) = 2*a**3 - 4*a**2 + 3*a - 1. Let o be b(2). Suppose -o = 40*u - 41*u. Suppose -u*g = -3*g - 12. Calculate c(g).
8
Let p(q) = 15*q**2 + 87*q + 115. Let v(k) = 3*k**2 + 16*k + 21. Let z(h) = -4*p(h) + 22*v(h). Let w be (-4)/(-16) - 18/8. Calculate z(w).
18
Let k(q) be the second derivative of -2*q**4/3 - q**3/6 - 77*q**2/2 + 3*q + 3. Let j(t) be the first derivative of k(t). Let u = 1 + -2. Determine j(u).
15
Let c(m) = -23*m + 1. Let y(q) = 84*q - 442. Let z(a) = 4*c(a) + y(a). Determine z(-54).
-6
Suppose 0 = -6*l + 2*l - 8. Let k be 3 - -5*5/(-25). Let q(x) = -5*x**2 + 1 + 2*x - k*x - 2*x. What is q(l)?
-15
Let s(q) = -4*q**2 - 20*q - 13. Let j be s(-5). Suppose -3 = f + 3. Let k(r) = -28*r - 17. Let v(d) = 13*d + 8. Let l(n) = f*k(n) + j*v(n). What is l(2)?
-4
Suppose 0 = -5*i + 2*t - 29 + 61, -3*i + 19 = -t. Let n(z) = 3*z**2 - 6*z + 1. Calculate n(i).
73
Let v(d) be the second derivative of d**3/6 - 2*d**2 + d + 4450. Let r be 4/6 + 7/3. What is v(r)?
-1
Let o = -6002 - -6005. Let m(c) be the second derivative of -15*c - 1/2*c**2 + 0 - 1/12*c**4 + 1/6*c**o. Determine m(0).
-1
Suppose -189 = -16*g + 7*g. Suppose -g*p + 15*p + 18 = 0. Let u(o) = 2*o - 6. What is u(p)?
0
Let w(d) = 22*d - 35 + 21 + 20 - 32 + 22. Determine w(-3).
-70
Let b(p) = 2*p. Let z(f) = -6*f + 483 + 14*f - 482. Let u(y) = -3*b(y) + z(y). Determine u(-3).
-5
Let o(j) = 2*j**2 + 7*j + 28. Let l(u) = -u**2 - u + 1. Let m(s) = -5*l(s) + o(s). Let k be m(-3). Let y = 43 - k. Let t(c) = -c**2 - 8*c - 9. Determine t(y).
-2
Let f(b) be the first derivative of 1/3*b**3 - 11*b - 83 + 7/2*b**2. Calculate f(-8).
-3
Let h(k) = k + 6. Let a = -46 - -52. Let o = a - -2. Suppose 0 = 2*d - 3*d - o. What is h(d)?
-2
Let w(p) = -p**2. Let f(c) = c**3 + 5*c**2 + 3*c + 1. Let k(l) = -f(l) - w(l). Suppose 457*d = 456*d + 4*z - 23, -29 = 3*d - 4*z. What is k(d)?
-1
Let q(d) = d**3 - 2 + 14*d**2 - 10*d - 87*d**2 + 34*d**2 + 32*d**2. Suppose 2*c + c = 9, c = 2*z - 13. Determine q(z).
-18
Let p(s) = -1848 + 1848 + 4*s**2 - 5*s**2 + 13*s. Give p(6).
42
Let s = -59 + 69. Suppose 2*g = -0*g + s. Let k(r) = -3*r - 12. Let p(f) = -4*f - 13. Let l(i) = -5*k(i) + 4*p(i). Calculate l(g).
3
Let r(q) = 2 - 4 + 6 + 1 - 2*q. Let l = -6994 - -6996. What is r(l)?
1
Let a(z) = z**3 - 9*z**2 + 9*z + 11. Let p(o) = -3*o**3 + 6*o**2 - 5*o - 3. Let q be p(2). Let l be (-1 - 0)/(q/(-26)). Let u be 7/(-21)*48/l. Determine a(u).
19
Let j(w) = w**3 + 8*w**2 + 8*w + 15. Suppose 2*f + 18 = 4*y, -2*y - f = -4 - 3. Let h be (7/y)/((-15)/12 + 1). Determine j(h).
8
Let n(r) = -2 - 4 + 14 - 15*r**2 - 7 - 14*r**2 + r. Let h be (-2 + 3)/(3 - 4). Give n(h).
-29
Suppose -3*q + q + 8 = 4*p, -q - 4*p + 6 = 0. Let b(h) be the third derivative of -h**6/120 - h**5/60 + h**4/8 - h**3/2 + 2*h**2 + 2*h - 11. What is b(q)?
-9
Let d(v) = 2*v - 3726*v**2 - 2 + 16 + 3728*v**2. Calculate d(0).
14
Let k be 49/7 - (2 - -3). Let r(f) = k + f - f + f**2 - f + 2*f - 2*f**2. Calculate r(-4).
-18
Suppose -2*o = 2*i + 2, 18*i - 2 = -2*o + 14*i. Let q(r) be the second derivative of 5*r - 3*r**2 + 0 - 1/6*r**3. What is q(o)?
-3
Let m be 0/((-9)/(27/(-15))). Let i(x) = -x**3 - x**2 + x + 8. What is i(m)?
8
Suppose s - 16 = -0*s. Let l = s - 10. Let o(n) = 68*n + 74*n + n**2 + 8 - 317*n + 95*n + 72*n. What is o(l)?
-4
Let o be (2/4*-3)/(4 + 92/(-24)). Let g(w) = -w**3 - 11*w**2 - 20*w - 25. Calculate g(o).
-7
Let d(u) = 5*u - 14. Suppose 17*f + 6*f - 11*f = 36. What is d(f)?
1
Let q(a) = 8*a + 111. Let g be q(-14). Let n(c) = -7*c**3 + 7*c**2 + c. Let j(p) = p**3. Let b(f) = g*n(f) - 6*j(f). Determine b(7).
-7
Let n(b) = -3*b**2 + 27*b + 5. Let r = 350 - 345. Let h(f) = -5*f**2 + 41*f + 9. Let d(s) = r*h(s) - 8*n(s). Give d(-11).
5
Let t(o) be the first derivative of -10*o**2 + 29*o + 5544. Determine t(-6).
149
Let t(z) be the third derivative of -z**4/24 - 2*z**3 - 48*z**2. Let m(n) = 2*n**3 + 3*n**2 + 2*n - 1. Let p be m(-2). What is t(p)?
-3
Suppose 0 = 14*c - 67 + 39. Suppose 3*f - 1 = c. Let k(d) = 4*d**2 - 3*d - 3. Let p(m) = -m**2 + m + 1. Let s(z) = -k(z) - 3*p(z). Determine s(f).
-1
Let l(b) = -b**2 + 8*b + 2. Suppose -2*w + 0*p + 31 = -5*p, 4*w + 4*p - 104 = 0. Suppose -r + w*r = 154. Calculate l(r).
9
Let s(h) = 19*h**2 - 66*h - 108. Let q(j) = 3*j**2 - 11*j - 18. Let w(p) = 25*q(p) - 4*s(p). Give w(-4).
10
Let a(p) = -p**2 + 17*p - 67. Let f be a(7). Suppose 15*m = -f*m - 126. Let s(c) = c + 3. Give s(m).
-4
Let i(u) be the second derivative of u**4/12 + 3*u**3/2 + 9*u**2/2 + 2*u + 295. Determine i(-6).
-9
Let g(w) = -814*w - 15 - 826*w - 4*w**2 + 1656*w. What is g(